?
2
What is the units digit of 3862756?
6
What is the tens digit of 1890789?
8
What is the units digit of 417763?
3
What is the tens digit of 36613872?
7
What is the hundreds digit of 8151587?
5
What is the thousands digit of 3620089?
0
What is the millions digit of 2900492?
2
What is the thousands digit of 369920?
9
What is the hundred thousands digit of 920442?
9
What is the millions digit of 4517394?
4
What is the thousands digit of 2284607?
4
What is the millions digit of 2190932?
2
What is the thousands digit of 351128?
1
What is the hundreds digit of 6731896?
8
What is the units digit of 8322365?
5
What is the hundred thousands digit of 144771?
1
What is the ten thousands digit of 8278807?
7
What is the hundred thousands digit of 426829?
4
What is the hundred thousands digit of 4544254?
5
What is the tens digit of 22959?
5
What is the tens digit of 822308?
0
What is the hundreds digit of 618609?
6
What is the thousands digit of 732015?
2
What is the thousands digit of 1709987?
9
What is the thousands digit of 72819?
2
What is the units digit of 1143100?
0
What is the thousands digit of 6712?
6
What is the thousands digit of 465658?
5
What is the hundreds digit of 111156?
1
What is the hundreds digit of 3008579?
5
What is the tens digit of 108445?
4
What is the tens digit of 2733844?
4
What is the hundreds digit of 661696?
6
What is the ten thousands digit of 11050667?
5
What is the thousands digit of 19490867?
0
What is the thousands digit of 135116?
5
What is the units digit of 319288?
8
What is the hundred thousands digit of 6188779?
1
What is the millions digit of 4452280?
4
What is the hundreds digit of 12260829?
8
What is the tens digit of 154104?
0
What is the tens digit of 278576?
7
What is the hundreds digit of 651343?
3
What is the units digit of 19917724?
4
What is the hundred thousands digit of 4222340?
2
What is the ten thousands digit of 1616743?
1
What is the hundred thousands digit of 22337104?
3
What is the millions digit of 4737239?
4
What is the hundreds digit of 7937119?
1
What is the tens digit of 5415733?
3
What is the millions digit of 2566924?
2
What is the ten thousands digit of 2883664?
8
What is the hundreds digit of 799216?
2
What is the hundred thousands digit of 5793514?
7
What is the units digit of 606663?
3
What is the tens digit of 145559?
5
What is the hundred thousands digit of 834571?
8
What is the millions digit of 5611544?
5
What is the hundreds digit of 5764331?
3
What is the units digit of 46238?
8
What is the millions digit of 1622572?
1
What is the units digit of 123132?
2
What is the tens digit of 436862?
6
What is the hundred thousands digit of 1256058?
2
What is the tens digit of 2063644?
4
What is the units digit of 2457435?
5
What is the ten thousands digit of 81742?
8
What is the tens digit of 1575938?
3
What is the units digit of 15060208?
8
What is the hundred thousands digit of 1040879?
0
What is the units digit of 255276?
6
What is the thousands digit of 1290113?
0
What is the tens digit of 17627793?
9
What is the units digit of 1080706?
6
What is the ten thousands digit of 639003?
3
What is the millions digit of 9729510?
9
What is the ten millions digit of 18884843?
1
What is the units digit of 2013317?
7
What is the tens digit of 540066?
6
What is the hundreds digit of 10932416?
4
What is the tens digit of 740066?
6
What is the ten thousands digit of 382455?
8
What is the thousands digit of 17104047?
4
What is the ten thousands digit of 662287?
6
What is the hundred thousands digit of 1771768?
7
What is the thousands digit of 8076053?
6
What is the thousands digit of 6670124?
0
What is the ten thousands digit of 533340?
3
What is the thousands digit of 7465784?
5
What is the millions digit of 4590690?
4
What is the tens digit of 145689?
8
What is the ten thousands digit of 226462?
2
What is the tens digit of 218626?
2
What is the tens digit of 87108?
0
What is the tens digit of 273434?
3
What is the tens digit of 344825?
2
What is the tens digit of 763130?
3
What is the thousands digit of 1263005?
3
What is the millions digit of 4797994?
4
What is the hundred thousands digit of 758535?
7
What is the hundred thousands digit of 3521447?
5
What is the thousands digit of 16066717?
6
What is the ten thousands digit of 882390?
8
What is the millions digit of 1165680?
1
What is the hundreds digit of 702610?
6
What is the hundred thousands digit of 1566603?
5
What is the ten thousands digit of 5001227?
0
What is the tens digit of 511972?
7
What is the thousands digit of 127951?
7
What is the tens digit of 2583655?
5
What is the thousands digit of 767749?
7
What is the tens digit of 1072002?
0
What is the units digit of 79376?
6
What is the hundred thousands digit of 781456?
7
What is the tens digit of 177235?
3
What is the ten thousands digit of 483463?
8
What is the tens digit of 448293?
9
What is the hundreds digit of 671425?
4
What is the millions digit of 1263640?
1
What is the hundreds digit of 229267?
2
What is the hundred thousands digit of 2222912?
2
What is the units digit of 70396?
6
What is the hundreds digit of 18852262?
2
What is the thousands digit of 3053868?
3
What is the ten thousands digit of 2476122?
7
What is the tens digit of 4308416?
1
What is the hundreds digit of 521705?
7
What is the tens digit of 5696900?
0
What is the ten thousands digit of 542782?
4
What is the hundred thousands digit of 403289?
4
What is the tens digit of 6130351?
5
What is the ten millions digit of 25091941?
2
What is the ten thousands digit of 268118?
6
What is the ten thousands digit of 8547212?
4
What is the ten thousands digit of 241258?
4
What is the units digit of 1092320?
0
What is the units digit of 826747?
7
What is the ten thousands digit of 2156205?
5
What is the ten thousands digit of 409606?
0
What is the units digit of 809405?
5
What is the millions digit of 1168610?
1
What is the hundreds digit of 200767?
7
What is the ten thousands digit of 1187485?
8
What is the tens digit of 1094236?
3
What is the thousands digit of 246468?
6
What is the ten thousands digit of 11585?
1
What is the ten thousands digit of 5131365?
3
What is the tens digit of 5792406?
0
What is the hundred thousands digit of 438695?
4
What is the tens digit of 90700?
0
What is the units digit of 308415?
5
What is the ten thousands digit of 1136834?
3
What is the units digit of 231237?
7
What is the ten thousands digit of 697372?
9
What is the hundreds digit of 9338972?
9
What is the hundreds digit of 1465118?
1
What is the units digit of 96981?
1
What is the hundreds digit of 189746?
7
What is the units digit of 5863646?
6
What is the hundred thousands digit of 592846?
5
What is the tens digit of 3001227?
2
What is the units digit of 2273290?
0
What is the thousands digit of 1923776?
3
What is the tens digit of 801507?
0
What is the ten thousands digit of 18205470?
0
What is the units digit of 181559?
9
What is the tens digit of 3798957?
5
What is the thousands digit of 5492620?
2
What is the millions digit of 5373258?
5
What is the hundreds digit of 746888?
8
What is the thousands digit of 8126951?
6
What is the thousands digit of 8255?
8
What is the ten thousands digit of 8691134?
9
What is the units digit of 175353?
3
What is the millions digit of 9960488?
9
What is the units digit of 263773?
3
What is the hundred thousands digit of 583822?
5
What is the ten thousands digit of 61351?
6
What is the ten thousands digit of 48624?
4
What is the tens digit of 1764216?
1
What is the millions digit of 4694901?
4
What is the thousands digit of 1238920?
8
What is the ten thousands digit of 760135?
6
What is the thousands digit of 302760?
2
What is the millions digit of 33315496?
3
What is the ten thousands digit of 5417726?
1
What is the hundreds digit of 680699?
6
What is the ten thousands digit of 15305086?
0
What is the ten thousands digit of 727907?
2
What is the ten thousands digit of 427884?
2
What is the thousands digit of 2437666?
7
What is the ten thousands digit of 882922?
8
What is the units digit of 328012?
2
What is the tens digit of 303826?
2
What is the hundred thousands digit of 472911?
4
What is the thousands digit of 536915?
6
What is the hundreds digit of 1443647?
6
What is the hundred thousands di